{"id":71,"date":"2016-10-07T14:33:11","date_gmt":"2016-10-07T12:33:11","guid":{"rendered":"http:\/\/cevenat.com\/?page_id=71"},"modified":"2018-03-16T13:07:28","modified_gmt":"2018-03-16T12:07:28","slug":"qui-sommes-nous","status":"publish","type":"page","link":"http:\/\/www.cevenat.fr\/index.php\/qui-sommes-nous\/","title":{"rendered":"Qui sommes nous"},"content":{"rendered":"<p><span style=\"color: #ffff00;\">\u00a0<span style=\"font-size: 12pt;\">Cevenat sarl<\/span><\/span><br \/>\nLa Castagnade<br \/>\n48110 Le Pompidou<br \/>\nTel 0663228405<br \/>\nNous contacter.<br \/>\nEmail: info@cevenat.fr<br \/>\n<a href=\"http:\/\/www.cevenat.fr\/index.php\/pour-nous-rejoindre\/\">Pour nous rejoindre<\/a><\/p>\n<p><span style=\"color: #ffff00;\">Qui sommes nous?<\/span><br \/>\nJe me pr\u00e9sente: Michel Vanhove, n\u00e9 \u00e0 Bruges, Belgique en 1957.<br \/>\nJe vis avec ma femme Hilde depuis ao\u00fbt 2000 en Loz\u00e8re, au Pompidou, petit village<br \/>\nd&rsquo;une soixantaine d&rsquo;habitants (en hiver), \u00e0 800 m\u00e8tre d&rsquo;altitude, sur la \u00ab\u00a0Corniche des C\u00e9vennes\u00a0\u00bb.<br \/>\nNous avons trois fils.<\/p>\n<p><span style=\"color: #ffff00;\"><u>Biographie:<\/u><\/span><\/p>\n<p>N\u00e9 \u00e0 <a href=\"https:\/\/www.visitbruges.be\/nl\">Brugge, Belgique<\/a>, 31\/10\/1957<\/p>\n<p>Parle le n\u00e9erlandais, Fran\u00e7ais,, Anglais, Allemand<\/p>\n<p>Partie en France en 1974<\/p>\n<p>Experience dans une ferme en bio dans les Alpes de Haute Provence 1974 -1980<\/p>\n<p>Baccaleur\u00e9at en France<\/p>\n<p>Cours d&rsquo;herborisme, avec ma femme, Hilde Bovijn (formation: Assistante d&rsquo;Architecte) 1985\/86\/87<\/p>\n<p>G\u00e9rant boutique Bio \u00ab\u00a0De Kiem\u00a0\u00bb Zulte, Belgique, de 1985-2000<\/p>\n<p>Co-fondateur de Sjankara (Huiles essentielles, Tielt, Belgique<\/p>\n<p>Co-auteur avec Geert Devlieghere: Premier livre en N\u00e9erlandais en Flandres sur les huiles essentielles:<\/p>\n<p>\u00ab\u00a0Etherische oli\u00ebn, handboek\u00a0\u00bb, 1993, De Eenhoorn, Belgium, 11 edition<\/p>\n<p>Conf\u00e9rences d&rsquo; Aromth\u00e9rapie en Belgique, dans les Flandres de 1985-2000<\/p>\n<p>Intervenant cours d&rsquo; Aromath\u00e9rapie en Belgique dans les Centres de Formation Professionnelle<\/p>\n<p>\u00e0 Ieper, Antwerpen, Hasselt, Kortrijk&#8230;<\/p>\n<p>(Vorminginstituut Ieper etc)<\/p>\n<p>Consultant pour <a href=\"http:\/\/www.biover.be\/\">Biover nv, Brugge, Belgique<\/a>, cr\u00e9ateur de la gamme d&rsquo;Aromath\u00e9rapie (synergies, huiles de massage, formulations divers) conf\u00e9rences pour Biover dans les Flandres +\/-1996-2006<\/p>\n<p>Intervenant sur les hydrolats avec Herviane Viaud,<\/p>\n<p><a href=\"http:\/\/www.nature-helps.com\/agora\/oilsinfo\/pdf\/grasse-hydro-99.pdf\">2\u00e9me Symposium International D&rsquo;Aromath\u00e9rapie Scientifique, march 1999<\/a><\/p>\n<p>D\u00e9m\u00e9nagement avec toute la famille en France ao\u00fbt 2000<\/p>\n<p>Cr\u00e9ation de <a href=\"http:\/\/nature-helps.com\/index.php?page=neder\">C&amp;D Ecological, Zwevegem, Belgique<\/a>, co-g\u00e9rant<\/p>\n<p>Consultant: cr\u00e9ation de la premi\u00e8re distillerie d&rsquo;huiles essentielles dans les Flandres<br \/>\n<a href=\"http:\/\/netelvuur.be\">(Netelvuur, Oost-Eeklo)<\/a><br \/>\nCr\u00e9ation de Cevenat sarl (Produits pour l&rsquo;aromath\u00e9rapie): 2001<br \/>\nInscrit \u00e0 la <a href=\"http:\/\/www.cm-lozere.fr\/\">Chambre de M\u00e9tiers et de l&rsquo;Artisanat de Mende<\/a><br \/>\nD\u00e9but d&rsquo;activit\u00e9:<br \/>\n01\/08\/2001<br \/>\n<strong>Activit\u00e9:<\/strong><br \/>\nFabrication &amp; Transformation de produits v\u00e9g\u00e9taux alimentaires &amp; Cosm\u00e9tiques<\/p>\n<p>Inscrit \u00e0 la <a href=\"http:\/\/www.lozere.cci.fr\/\">Chambre de Commerce de Mende<\/a><br \/>\n<strong>\u00e0 partir de 2003:<\/strong><\/p>\n<p>Interventions sur les huiles essentielles avec le <a href=\"http:\/\/www.cevennes-parcnational.fr\/\">Parc National des C\u00e9vennes<\/a><\/p>\n<p>Membre d&rsquo; Orobanche, association de distillateurs, co-g\u00e9rance de la distillerie locale<br \/>\n<strong>Cours et stages d&rsquo;Aromath\u00e9rapie: <\/strong><br \/>\n-stages d&rsquo;initiation<br \/>\n-stages avanc\u00e9s<br \/>\n(plus de 1000 personnes \u00e0 ce jour)<br \/>\nLes activit\u00e9s de n\u00f4tre soci\u00e9t\u00e9 Cevenat SARL d\u00e9passent la vente tout court :<br \/>\nnous sommes impliqu\u00e9es dans la cr\u00e9ation de distilleries, la mis en culture de plantes aromatiques recherch\u00e9es et rares. Notre but \u00e0 toujours \u00e9t\u00e9 de promouvoir les distillateurs travaillant \u00e0 petite \u00e9chelle et travaillant en respectant l&rsquo;\u00e9cologie.<\/p>\n<p>Notre magasin peut \u00eatre visit\u00e9 chaque jour except\u00e9 le samedi. Il est conseill\u00e9 de nous t\u00e9l\u00e9phoner d&rsquo;abord, pour \u00eatre assur\u00e9 de notre pr\u00e9sence.(livraisons, cueillettes)<\/p>\n<p>2013: Conf\u00e9rencier sur les hydrolats:<br \/>\n<a title=\"Phyt arom Grasse\" href=\"http:\/\/www.ville-grasse.fr\/phytarom\/\" target=\"_blank\" rel=\"noopener\">Phyt\u2019Arom Grasse, <\/a>Congr\u00e8s International d\u2019aromath\u00e9rapie et plantes m\u00e9dicinales, 7 au 9 juin, 2013<\/p>\n<p>2015: Conf\u00e9rence \u00e0 Prague, deux jours, seul intervenant pour des aromath\u00e9apeutes.<br \/>\n25-26-4-2015 , Introduction usage Gal\u00e9nique des HE, Les Synergies &amp; Th\u00e8mes divers.<br \/>\n\u010cesk\u00e1 aromaterapeutick\u00e1 spole\u010dnost<br \/>\nhttp:\/\/aromaspol.cz<br \/>\nhttp:\/\/facebook.com\/aromaspol\/<\/p>\n<p>N&rsquo;h\u00e9sitez pas \u00e0 nous demander plus d&rsquo;informations.<\/p>\n<p><strong><em>Michel Vanhove\u00a0<\/em><\/strong><\/p>\n<p>&nbsp;<\/p>\n","protected":false},"excerpt":{"rendered":"<p>\u00a0Cevenat sarl La Castagnade 48110 Le Pompidou Tel 0663228405 Nous contacter. Email: info@cevenat.fr Pour nous rejoindre Qui sommes nous? Je me pr\u00e9sente: Michel Vanhove, n\u00e9 \u00e0 Bruges, Belgique en 1957. Je vis avec ma femme Hilde depuis ao\u00fbt 2000 en Loz\u00e8re, au Pompidou, petit village d&rsquo;une soixantaine d&rsquo;habitants (en hiver), \u00e0 800 m\u00e8tre d&rsquo;altitude, sur &hellip; <a href=\"http:\/\/www.cevenat.fr\/index.php\/qui-sommes-nous\/\" class=\"more-link\">Continuer la lecture<span class=\"screen-reader-text\"> de &laquo;&nbsp;Qui sommes nous&nbsp;&raquo;<\/span><\/a><\/p>\n","protected":false},"author":1,"featured_media":0,"parent":0,"menu_order":0,"comment_status":"closed","ping_status":"closed","template":"","meta":{"footnotes":""},"class_list":["post-71","page","type-page","status-publish","hentry"],"_links":{"self":[{"href":"http:\/\/www.cevenat.fr\/index.php\/wp-json\/wp\/v2\/pages\/71","targetHints":{"allow":["GET"]}}],"collection":[{"href":"http:\/\/www.cevenat.fr\/index.php\/wp-json\/wp\/v2\/pages"}],"about":[{"href":"http:\/\/www.cevenat.fr\/index.php\/wp-json\/wp\/v2\/types\/page"}],"author":[{"embeddable":true,"href":"http:\/\/www.cevenat.fr\/index.php\/wp-json\/wp\/v2\/users\/1"}],"replies":[{"embeddable":true,"href":"http:\/\/www.cevenat.fr\/index.php\/wp-json\/wp\/v2\/comments?post=71"}],"version-history":[{"count":8,"href":"http:\/\/www.cevenat.fr\/index.php\/wp-json\/wp\/v2\/pages\/71\/revisions"}],"predecessor-version":[{"id":394,"href":"http:\/\/www.cevenat.fr\/index.php\/wp-json\/wp\/v2\/pages\/71\/revisions\/394"}],"wp:attachment":[{"href":"http:\/\/www.cevenat.fr\/index.php\/wp-json\/wp\/v2\/media?parent=71"}],"curies":[{"name":"wp","href":"https:\/\/api.w.org\/{rel}","templated":true}]}}

<p><span style="color: #ffff00;"> <span style="font-size: 12pt;">Cevenat sarl</span></span><br />
La Castagnade<br />
48110 Le Pompidou<br />
Tel 0663228405<br />
Nous contacter.<br />
Email: info@cevenat.fr<br />
<a href="http://www.cevenat.fr/index.php/pour-nous-rejoindre/">Pour nous rejoindre</a></p>
<p><span style="color: #ffff00;">Qui sommes nous?</span><br />
Je me présente: Michel Vanhove, né à Bruges, Belgique en 1957.<br />
Je vis avec ma femme Hilde depuis août 2000 en Lozère, au Pompidou, petit village<br />
d&rsquo;une soixantaine d&rsquo;habitants (en hiver), à 800 mètre d&rsquo;altitude, sur la « Corniche des Cévennes ».<br />
Nous avons trois fils.</p>
<p><span style="color: #ffff00;"><u>Biographie:</u></span></p>
<p>Né à <a href="https://www.visitbruges.be/nl">Brugge, Belgique</a>, 31/10/1957</p>
<p>Parle le néerlandais, Français,, Anglais, Allemand</p>
<p>Partie en France en 1974</p>
<p>Experience dans une ferme en bio dans les Alpes de Haute Provence 1974 -1980</p>
<p>Baccaleuréat en France</p>
<p>Cours d&rsquo;herborisme, avec ma femme, Hilde Bovijn (formation: Assistante d&rsquo;Architecte) 1985/86/87</p>
<p>Gérant boutique Bio « De Kiem » Zulte, Belgique, de 1985-2000</p>
<p>Co-fondateur de Sjankara (Huiles essentielles, Tielt, Belgique</p>
<p>Co-auteur avec Geert Devlieghere: Premier livre en Néerlandais en Flandres sur les huiles essentielles:</p>
<p>« Etherische oliën, handboek », 1993, De Eenhoorn, Belgium, 11 edition</p>
<p>Conférences d&rsquo; Aromthérapie en Belgique, dans les Flandres de 1985-2000</p>
<p>Intervenant cours d&rsquo; Aromathérapie en Belgique dans les Centres de Formation Professionnelle</p>
<p>à Ieper, Antwerpen, Hasselt, Kortrijk&#8230;</p>
<p>(Vorminginstituut Ieper etc)</p>
<p>Consultant pour <a href="http://www.biover.be/">Biover nv, Brugge, Belgique</a>, créateur de la gamme d&rsquo;Aromathérapie (synergies, huiles de massage, formulations divers) conférences pour Biover dans les Flandres +/-1996-2006</p>
<p>Intervenant sur les hydrolats avec Herviane Viaud,</p>
<p><a href="http://www.nature-helps.com/agora/oilsinfo/pdf/grasse-hydro-99.pdf">2éme Symposium International D&rsquo;Aromathérapie Scientifique, march 1999</a></p>
<p>Déménagement avec toute la famille en France août 2000</p>
<p>Création de <a href="http://nature-helps.com/index.php?page=neder">C&amp;D Ecological, Zwevegem, Belgique</a>, co-gérant</p>
<p>Consultant: création de la première distillerie d&rsquo;huiles essentielles dans les Flandres<br />
<a href="http://netelvuur.be">(Netelvuur, Oost-Eeklo)</a><br />
Création de Cevenat sarl (Produits pour l&rsquo;aromathérapie): 2001<br />
Inscrit à la <a href="http://www.cm-lozere.fr/">Chambre de Métiers et de l&rsquo;Artisanat de Mende</a><br />
Début d&rsquo;activité:<br />
01/08/2001<br />
<strong>Activité:</strong><br />
Fabrication &amp; Transformation de produits végétaux alimentaires &amp; Cosmétiques</p>
<p>Inscrit à la <a href="http://www.lozere.cci.fr/">Chambre de Commerce de Mende</a><br />
<strong>à partir de 2003:</strong></p>
<p>Interventions sur les huiles essentielles avec le <a href="http://www.cevennes-parcnational.fr/">Parc National des Cévennes</a></p>
<p>Membre d&rsquo; Orobanche, association de distillateurs, co-gérance de la distillerie locale<br />
<strong>Cours et stages d&rsquo;Aromathérapie: </strong><br />
-stages d&rsquo;initiation<br />
-stages avancés<br />
(plus de 1000 personnes à ce jour)<br />
Les activités de nôtre société Cevenat SARL dépassent la vente tout court :<br />
nous sommes impliquées dans la création de distilleries, la mis en culture de plantes aromatiques recherchées et rares. Notre but à toujours été de promouvoir les distillateurs travaillant à petite échelle et travaillant en respectant l&rsquo;écologie.</p>
<p>Notre magasin peut être visité chaque jour excepté le samedi. Il est conseillé de nous téléphoner d&rsquo;abord, pour être assuré de notre présence.(livraisons, cueillettes)</p>
<p>2013: Conférencier sur les hydrolats:<br />
<a title="Phyt arom Grasse" href="http://www.ville-grasse.fr/phytarom/" target="_blank" rel="noopener">Phyt’Arom Grasse, </a>Congrès International d’aromathérapie et plantes médicinales, 7 au 9 juin, 2013</p>
<p>2015: Conférence à Prague, deux jours, seul intervenant pour des aromathéapeutes.<br />
25-26-4-2015 , Introduction usage Galénique des HE, Les Synergies &amp; Thèmes divers.<br />
Česká aromaterapeutická společnost<br />
http://aromaspol.cz<br />
http://facebook.com/aromaspol/</p>
<p>N&rsquo;hésitez pas à nous demander plus d&rsquo;informations.</p>
<p><strong><em>Michel Vanhove </em></strong></p>
<p>&nbsp;</p>

<p> Cevenat sarl La Castagnade 48110 Le Pompidou Tel 0663228405 Nous contacter. Email: info@cevenat.fr Pour nous rejoindre Qui sommes nous? Je me présente: Michel Vanhove, né à Bruges, Belgique en 1957. Je vis avec ma femme Hilde depuis août 2000 en Lozère, au Pompidou, petit village d&rsquo;une soixantaine d&rsquo;habitants (en hiver), à 800 mètre d&rsquo;altitude, sur &hellip; <a href="http://www.cevenat.fr/index.php/qui-sommes-nous/" class="more-link">Continuer la lecture<span class="screen-reader-text"> de &laquo;&nbsp;Qui sommes nous&nbsp;&raquo;</span></a></p>
